 factors of 11668?
2, 2917
List the prime factors of 867.
3, 17
List the prime factors of 1921.
17, 113
What are the prime factors of 24559?
41, 599
List the prime factors of 3617.
3617
What are the prime factors of 16297?
43, 379
List the prime factors of 1849.
43
List the prime factors of 1564.
2, 17, 23
List the prime factors of 545.
5, 109
What are the prime factors of 20393?
20393
What are the prime factors of 21288?
2, 3, 887
What are the prime factors of 1241?
17, 73
List the prime factors of 2293.
2293
List the prime factors of 15753.
3, 59, 89
List the prime factors of 30740.
2, 5, 29, 53
What are the prime factors of 4851?
3, 7, 11
What are the prime factors of 11262?
2, 3, 1877
What are the prime factors of 148634?
2, 74317
What are the prime factors of 2089?
2089
What are the prime factors of 9674?
2, 7, 691
What are the prime factors of 150645?
3, 5, 11, 83
List the prime factors of 53737.
17, 29, 109
List the prime factors of 4492.
2, 1123
List the prime factors of 2333.
2333
List the prime factors of 3044.
2, 761
What are the prime factors of 149997?
3, 49999
List the prime factors of 490.
2, 5, 7
What are the prime factors of 999?
3, 37
List the prime factors of 1051.
1051
What are the prime factors of 6329?
6329
What are the prime factors of 27391?
7, 13, 43
List the prime factors of 92608.
2, 1447
What are the prime factors of 26849?
26849
List the prime factors of 1267.
7, 181
What are the prime factors of 8964?
2, 3, 83
What are the prime factors of 75526?
2, 11, 3433
What are the prime factors of 5489?
11, 499
List the prime factors of 3247.
17, 191
List the prime factors of 36076.
2, 29, 311
List the prime factors of 987.
3, 7, 47
What are the prime factors of 1832?
2, 229
What are the prime factors of 6301?
6301
What are the prime factors of 13691?
13691
List the prime factors of 33237.
3, 1231
What are the prime factors of 1862?
2, 7, 19
List the prime factors of 201.
3, 67
What are the prime factors of 2531?
2531
What are the prime factors of 41902?
2, 7, 41, 73
What are the prime factors of 8198?
2, 4099
What are the prime factors of 1117?
1117
List the prime factors of 65728.
2, 13, 79
What are the prime factors of 1126?
2, 563
What are the prime factors of 1068?
2, 3, 89
What are the prime factors of 1032?
2, 3, 43
What are the prime factors of 13207?
47, 281
List the prime factors of 5270.
2, 5, 17, 31
List the prime factors of 2575.
5, 103
What are the prime factors of 47177?
13, 19, 191
List the prime factors of 4395.
3, 5, 293
List the prime factors of 3093.
3, 1031
What are the prime factors of 18716?
2, 4679
What are the prime factors of 3233?
53, 61
What are the prime factors of 10676?
2, 17, 157
What are the prime factors of 734?
2, 367
List the prime factors of 2068.
2, 11, 47
List the prime factors of 4307.
59, 73
List the prime factors of 9791.
9791
List the prime factors of 6710.
2, 5, 11, 61
What are the prime factors of 23251?
23251
What are the prime factors of 33711?
3, 17, 661
List the prime factors of 21081.
3, 7027
What are the prime factors of 11781?
3, 7, 11, 17
List the prime factors of 284.
2, 71
What are the prime factors of 1478?
2, 739
What are the prime factors of 9657?
3, 29, 37
What are the prime factors of 445?
5, 89
What are the prime factors of 19639?
41, 479
List the prime factors of 1153.
1153
List the prime factors of 402.
2, 3, 67
What are the prime factors of 1545?
3, 5, 103
What are the prime factors of 2931?
3, 977
What are the prime factors of 120125?
5, 31
List the prime factors of 2073.
3, 691
List the prime factors of 14939.
14939
List the prime factors of 3878.
2, 7, 277
List the prime factors of 10474.
2, 5237
What are the prime factors of 104738?
2, 52369
List the prime factors of 20056.
2, 23, 109
What are the prime factors of 1323?
3, 7
What are the prime factors of 986?
2, 17, 29
What are the prime factors of 52055?
5, 29, 359
What are the prime factors of 6794?
2, 43, 79
What are the prime factors of 567?
3, 7
What are the prime factors of 19406?
2, 31, 313
What are the prime factors of 5706?
2, 3, 317
List the prime factors of 943.
23, 41
What are the prime factors of 1622?
2, 811
List the prime factors of 232.
2, 29
What are the prime factors of 5721?
3, 1907
List the prime factors of 1243.
11, 113
List the prime factors of 9372.
2, 3, 11, 71
What are the prime factors of 3364?
2, 29
What are the prime factors of 20667?
3, 83
What are the prime factors of 7401?
3, 2467
What are the prime factors of 4213?
11, 383
What are the prime factors of 466?
2, 233
What are the prime factors of 50116?
2, 11, 17, 67
What are the prime factors of 34906?
2, 31, 563
List the prime factors of 1083.
3, 19
What are the prime factors of 1935?
3, 5, 43
List the prime factors of 12910.
2, 5, 1291
List the prime factors of 11.
11
List the prime factors of 21155.
5, 4231
List the prime factors of 722.
2, 19
List the prime factors of 22071.
3, 7, 1051
List the prime factors of 2282.
2, 7, 163
List the prime factors of 27396.
2, 3, 761
List the prime factors of 21708.
2, 3, 67
What are the prime factors of 1675?
5, 67
What are the prime factors of 363?
3, 11
List the prime factors of 144762.
2, 3, 23, 1049
List the prime factors of 6130.
2, 5, 613
List the prime factors of 2298.
2, 3, 383
List the prime factors of 23196.
2, 3, 1933
What are the prime factors of 1122?
2, 3, 11, 17
What are the prime factors of 48087?
3, 13, 137
What are the prime factors of 1428?
2, 3, 7, 17
List the prime factors of 7957.
73, 109
List the prime factors of 2492.
2, 7, 89
List the prime factors of 36359.
103, 353
List the prime factors of 11653.
43, 271
List the prime factors of 60.
2, 3, 5
List the prime factors of 9279.
3, 1031
What are the prime factors of 1886?
2, 23, 41
What are the prime factors of 20981?
20981
List the prime factors of 6683.
41, 163
List the prime factors of 1148.
2, 7, 41
List the prime factors of 86367.
3, 28789
What are the prime factors of 5664?
2, 3, 59
List the prime factors of 1042.
2, 521
What are the prime factors of 1723?
1723
What are the prime factors of 17313?
3, 29, 199
What are the prime factors of 760?
2, 5, 19
What are the prime factors of 5686?
2, 2843
List the prime factors of 9004.
2, 2251
List the prime factors of 2740.
2, 5, 137
What are the prime factors of 9003?
3, 3001
What are the prime factors of 13866?
2, 3, 2311
List the prime factors of 14730.
2, 3, 5, 491
List the prime factors of 3055.
5, 13, 47
What are the prime factors of 595?
5, 7, 17
List the prime factors of 15478.
2, 71, 109
What are the prime factors of 32990?
2, 5, 3299
List the prime factors of 75.
3, 5
List the prime factors of 444.
2, 3, 37
List the prime factors of 6910.
2, 5, 691
What are the prime factors of 3955?
5, 7, 113
List the prime factors of 47.
47
List the prime factors of 4425.
3, 5, 59
List the prime factors of 6157.
47, 131
List the prime factors of 1402.
2, 701
List the prime factors of 3649.
41, 89
What are the prime factors of 32454?
2, 3, 601
List the prime factors of 1049.
1049
What are the prime factors of 1621?
1621
List the prime factors of 1516.
2, 379
What are the prime factors of 6813?
3, 757
What are the prime factors of 25100?
2, 5, 251
List the prime factors of 577.
577
List the prime factors of 9051.
3, 7, 431
List the prime factors of 24773.
7, 3539
What are the prime factors of 186?
2, 3, 31
What are the prime factors of 89629?
47, 1907
List the prime factors of 981.
3, 109
What are the prime factors of 1003?
17, 59
What are the prime factors of 11055?
3, 5, 11, 67
List the prime factors of 19944.
2, 3, 277
What are the prime factors of 1446?
2, 3, 241
What are the prime factors of 26302?
2, 13151
List the prime factors of 1028.
2, 257
What are the prime factors of 25021?
131, 191
What are the prime factors of 2020?
2, 5, 101
List the prime factors of 1518.
2, 3, 11, 23
What are the prime factors of 1451?
1451
What are the prime factors of 9?
3
List the prime factors of 4864.
2, 19
What are the prime factors of 10375?
5, 83
List the prime factors of 72497.
72497
List the prime factors of 13577.
13577
What are the prime factors of 25093?
23, 1091
What are the prime factors of 6065?
5, 1213
What are the prime factors of 2349?
3, 29
What are the prime factors